**3 - 5*r**2 + 4. Let h be o(g). Let t = h + 7. What are the prime factors of t?
11
Suppose -3*c = -41 - 13. Suppose -5*m = -3*w + 48, 4*m + 3*w = -0*m - 60. Let y = m + c. List the prime factors of y.
2, 3
Suppose 61 - 195 = -4*p - a, -5*p = a - 168. List the prime factors of p.
2, 17
Suppose 4 = -2*p - 0*p. Let i be p*16/(-2) + -3. Let f = 3 + i. List the prime factors of f.
2
Suppose -5*a + 4*i - 161 = 2*i, a + 46 = 5*i. Let s = 45 + a. List the prime factors of s.
2, 7
Let q(g) = 2*g**2 - 3*g + 2. Let f be q(2). Let h(w) = -w**2 + 5*w + 4. Let n be h(f). Suppose 5*x - 25 = 0, 4*b + x = n + 17. List the prime factors of b.
5
Let q(j) = j**2 - 3*j - 2. Let d = -5 - -9. Let a = d + 1. What are the prime factors of q(a)?
2
Suppose 3*u + 9 = 24, -22 = -4*m - 2*u. Let j be m*(-2)/9*3. Let y(k) = 2*k**2 + 3*k + 3. What are the prime factors of y(j)?
5
Let q be 0 + 0 - 9/(-3). Suppose 0*v + 2*v = 12. Suppose 3*g - q - v = 0. What are the prime factors of g?
3
Let j(r) = 7*r**2 + 1. Let t be j(2). Suppose -194 = -5*s - 4*c, 189 = 4*s + 2*c + t. List the prime factors of s.
2, 3, 7
Suppose -8 = 5*y + 2. Let x = y - -4. Suppose -x*q - 2*s - 72 = -7*q, 3*q + 3*s - 60 = 0. List the prime factors of q.
2
Let r be (-168)/(-36) + 1/3. Suppose r*w = w + 100. List the prime factors of w.
5
Let x(h) = h + 4. Suppose 0 = -3*n - 3 - 42. Let l = -10 - n. What are the prime factors of x(l)?
3
Suppose 2*o - g - 223 = 0, 4*o + g - 450 = -g. Suppose 0 = -0*t + 2*t - o. Suppose 0 = y + 4*i - 5, 4*i - 7 = 5*y - t. List the prime factors of y.
3
Suppose 0 = 4*x - 4 + 16. Let f be (-1)/((-3)/((-45)/x)). Suppose -8 = -f*y + 42. What are the prime factors of y?
2, 5
Let r(a) = 6 + 0*a + 13 - a. Let z be r(0). Let w = 28 - z. What are the prime factors of w?
3
Suppose -2*j - 39 = -5*j. Suppose x - j = 5. List the prime factors of x.
2, 3
Suppose -6*p = -3*p - 189. What are the prime factors of p?
3, 7
Let g(f) = -7*f - 1. Let w be g(1). Let t be 42/w - (-4)/16. Let z(i) = i**3 + 5*i**2 - 2*i + 2. List the prime factors of z(t).
2, 3
Suppose 0 = -2*r + 2 + 6. Suppose r*l = 4*q - 4, -5*l - 2*q = 3*q - 5. Suppose l = 3*u - 7 - 11. What are the prime factors of u?
2, 3
Let w = 8 - 6. List the prime factors of w.
2
Let s(g) = -g**2 - 4*g + 5. Let c be s(-5). Let n be (-2 - -2) + c + 54. Suppose 5*a - n = 6. List the prime factors of a.
2, 3
Let m(z) = -z**3 + 6*z**2 + 10*z - 7. Let x = 1 - -6. List the prime factors of m(x).
2, 7
Let c be 27 - (-2 - -2) - 1. Suppose -w + 6*w - 5 = n, n - 2*w + 2 = 0. Suppose 3*x - x - c = n. List the prime factors of x.
13
Let z(r) = r + 2. Let v be z(0). Suppose 16 = 2*u + v*u. What are the prime factors of -2*-1*22/u?
11
Let g(l) = -l + 8. Let k be g(6). Suppose 0 = -0*p + 4*p - q - 94, k*q - 111 = -5*p. List the prime factors of p.
23
Suppose -3*b = -4*v - 51 - 19, 0 = -4*v + 20. What are the prime factors of b?
2, 3, 5
Let k = -54 - -103. List the prime factors of k.
7
Suppose -3*b = -8*b - 15. Let l = b + 5. What are the prime factors of 18/4 + l/(-4)?
2
Let h be (-36)/(-21)*(-14)/(-4). Suppose 3*f + 54 = h*f. What are the prime factors of (9/f)/(1/26)?
13
Let h = 43 + -30. What are the prime factors of h?
13
Let a = 4 + 2. Let b = a + -4. List the prime factors of b.
2
Let i = 2 + 68. List the prime factors of i.
2, 5, 7
Let w(s) = 7*s**2 - 4*s + 5. What are the prime factors of w(2)?
5
Let d = -35 + 98. List the prime factors of d.
3, 7
Let v be -3 + 1 + 17 + -4. Suppose -g = -2*b + v, -3*b - g = -5*g - 9. List the prime factors of b.
7
Let u = 2 - -2. Suppose -8 = -4*j, j = 2*x - u*j - 16. What are the prime factors of x?
13
Let m = -4 + 2. What are the prime factors of (-2 + -12)*(m + 1)?
2, 7
Let s(y) = -2*y - 4. Let j be s(-2). Suppose 3*l - 8 = f - 46, f + 5*l + 2 = j. List the prime factors of f.
23
Let w(h) = h**3 + 17*h**2 + 17*h + 4. Let v be w(-16). Let y = v - -27. What are the prime factors of y?
3, 5
List the prime factors of (-3 - 4)*(-502)/14.
251
Let n = 14 - 16. Let j = 13 + n. What are the prime factors of j?
11
Let g = 15 + -12. List the prime factors of 7/14 - g/(-2).
2
Let i = -25 - -54. What are the prime factors of i?
29
Suppose -y + 3 = 0, -34 = 4*s + 2*y - 136. Suppose 2*d + d = s. What are the prime factors of d/(-28) - (-88)/14?
2, 3
Suppose 2*r = r + 37. What are the prime factors of r?
37
Let a(x) = -x**3 + 8*x**2 + 4*x - 12. Let m be a(8). Let c = m - 9. What are the prime factors of c?
11
Let z = -66 - -84. What are the prime factors of z?
2, 3
Suppose 4*r = -m + 3*m - 110, 2*r - 63 = -m. What are the prime factors of m?
59
Suppose -49 + 16 = -4*x - 5*l, 0 = -3*x + l + 1. Suppose -4*v + x*v + 80 = 0. What are the prime factors of v?
2, 5
Let q = 241 - 150. What are the prime factors of q?
7, 13
Let q = 1 + 1. Let u(t) = -4*t**3 - 4*t**2 - 3 + 4*t - 2*t**3 + 8*t**3. What are the prime factors of u(q)?
5
Suppose 5*w = 3*w + 2. Let i = w + -1. Suppose -5*l = -i*l - 45. List the prime factors of l.
3
Suppose 3*d + d = 0. Suppose d = -4*j + 5*j - s - 2, 2*j = -3*s + 14. List the prime factors of j.
2
Suppose -z = -3*w + 38, 5*w - 65 = z - 1. List the prime factors of w.
13
Let w(a) = -3*a + 21. What are the prime factors of w(-9)?
2, 3
Let z(g) = 0*g + g + 3*g**3 + g**2 - 4*g**3 - 1. Let r be z(1). Let n = 4 + r. What are the prime factors of n?
2
Suppose -q = -6*q + 435. Let p = q + -45. What are the prime factors of p?
2, 3, 7
Let c(m) = m**2 - 8*m + 19. List the prime factors of c(10).
3, 13
Suppose -z + 2 = 7. Let v = z + 8. Suppose 2 = u + v*p, -p - 10 = 4*p. What are the prime factors of u?
2
Let d(t) = t**3 + t - 3. Let h be d(0). Let y(z) = -3*z**2 + 6*z + 4. Let b(f) = 2*f**2 - 6*f - 4. Let x(g) = 4*b(g) + 3*y(g). List the prime factors of x(h).
5
Suppose 0 = 2*y - 5*t - 317, -5*y - t + 705 = 4*t. List the prime factors of y.
2, 73
Let l(v) = -v**2 + 2. Let b be l(-3). Let j(s) = 3*s + 4. Let m be j(b). List the prime factors of (-2)/3 + m/(-3).
5
Let w = 39 + 74. List the prime factors of w.
113
Let l = -117 - -220. What are the prime factors of l?
103
Suppose -2*u + 29 - 93 = -w, 4*u - 88 = -2*w. Let j = 91 - w. List the prime factors of j.
37
Suppose -5*f - 4*r = -4, 2*f - 4*r - 20 = -r. Let u(d) = -d + 7. Let b be u(f). Suppose -b*n + 8 = -1. List the prime factors of n.
3
Let k(c) be the third derivative of -c**4/8 - c**3/2 + 2*c**2. List the prime factors of k(-5).
2, 3
Suppose i - 37 = 4*t, 4*i + t + t = 166. What are the prime factors of i?
41
Let g = -7 - -15. What are the prime factors of g?
2
Let o(y) = 7*y**2. Let w(a) = a**2 + a - 1. Let j(h) = o(h) - 2*w(h). What are the prime factors of j(2)?
2, 3
Let x(k) = 2*k**2 - 11*k - 14. List the prime factors of x(13).
181
Let x(m) = -1. Let z(y) = -3*y + 5. Let u(c) = x(c) - z(c). Let f be u(5). Suppose f + 6 = 3*h. What are the prime factors of h?
5
Suppose i + 7 = -3*u, -2*u + 35 = 5*i - u. Let x = -2 + i. Suppose 9*w - 24 = x*w. What are the prime factors of w?
2
Let r be 9/(-11) + (-8)/44. Let m = 2 + r. What are the prime factors of ((-12)/14)/(m/(-7))?
2, 3
Let w = 8 - 3. Suppose 3*v - 3*u - 42 = 0, w*v - u - 58 = -0*v. List the prime factors of v.
11
Let j = -18 - -13. Let z = j - -18. List the prime factors of z.
13
Let q(n) = -11*n**3 - 2*n**2 + 4*n - 1. Let v(i) = -44*i**3 - 8*i**2 + 17*i - 4. Let f(c) = -9*q(c) + 2*v(c). What are the prime factors of f(1)?
2, 3
Suppose 7*x - 5*x - j = 111, -2*x - 3*j + 91 = 0. List the prime factors of x.
53
Let r = -125 - -143. List the prime factors of r.
2, 3
Let y(d) = 16*d - 28. Let a(l) = 17*l - 29. Let r(x) = -5*a(x) + 6*y(x). What are the prime factors of r(7)?
2, 3
Let g = -5 - -3. Suppose 0 = -2*q - 4*k - 12, 3*k + 16 = 4. List the prime factors of 10 - q*g/4.
11
List the prime factors of (2*-2)/4 - (1 + -86).
2, 3, 7
Let x(q) = q + 10. Suppose -w - 28 = -5*w. List the prime factors of x(w).
17
Let s = 68 + -30. List the prime factors of s.
2, 19
Suppose 0 = c - 0 + 2. Let n(k) = 0 - 5 - 4*k - 3*k + 2. List the prime factors of n(c).
11
Let i = 121 + -71. List the prime factors of i.
2, 5
Let j(d) = 4*d - 5. Let y be j(2). Suppose 32 = o + y*o. What are the prime factors of o?
2
Suppose 5*n = -m + 15, n - 4*m = 6*n. Let u = 9 - n. What are the prime factors of u?
5
Let k(b) = -b**3 - 4*